Calculate the remainder when 70481 is divided by 90.
11
What is the remainder when 157023 is divided by 1525?
1473
Calculate the remainder when 9367 is divided by 9.
7
Calculate the remainder when 473 is divided by 20.
13
Calculate the remainder when 139 is divided by 50.
39
What is the remainder when 10408 is divided by 75?
58
Calculate the remainder when 132 is divided by 19.
18
Calculate the remainder when 24173 is divided by 12072.
29
Calculate the remainder when 116291 is divided by 6.
5
What is the remainder when 2065 is divided by 348?
325
What is the remainder when 4496 is divided by 898?
6
What is the remainder when 39193 is divided by 13063?
4
What is the remainder when 1667 is divided by 628?
411
Calculate the remainder when 117407 is divided by 29337.
59
What is the remainder when 155336 is divided by 76?
68
What is the remainder when 49268 is divided by 560?
548
What is the remainder when 14841 is divided by 3666?
177
Calculate the remainder when 25211 is divided by 4.
3
What is the remainder when 1228567 is divided by 92?
91
What is the remainder when 3197 is divided by 528?
29
Calculate the remainder when 782 is divided by 647.
135
Calculate the remainder when 979 is divided by 108.
7
Calculate the remainder when 2757 is divided by 400.
357
What is the remainder when 23182 is divided by 663?
640
What is the remainder when 7101 is divided by 3426?
249
Calculate the remainder when 99815 is divided by 33268.
11
Calculate the remainder when 7311 is divided by 53.
50
What is the remainder when 99544 is divided by 294?
172
What is the remainder when 17757 is divided by 67?
2
What is the remainder when 9553 is divided by 42?
19
What is the remainder when 1392730 is divided by 274?
262
Calculate the remainder when 10829 is divided by 182.
91
Calculate the remainder when 103533 is divided by 344.
333
Calculate the remainder when 41208 is divided by 841.
840
Calculate the remainder when 23603653 is divided by 15.
13
Calculate the remainder when 21093 is divided by 184.
117
What is the remainder when 95795 is divided by 38?
35
Calculate the remainder when 4795 is divided by 723.
457
Calculate the remainder when 7371 is divided by 47.
39
What is the remainder when 34538 is divided by 1748?
1326
Calculate the remainder when 1294 is divided by 756.
538
What is the remainder when 41766 is divided by 189?
186
What is the remainder when 36084 is divided by 7208?
44
What is the remainder when 3371 is divided by 32?
11
What is the remainder when 68218 is divided by 3589?
27
What is the remainder when 5559 is divided by 41?
24
What is the remainder when 12718 is divided by 383?
79
Calculate the remainder when 13825 is divided by 307.
10
Calculate the remainder when 19326 is divided by 179.
173
Calculate the remainder when 3205 is divided by 1459.
287
Calculate the remainder when 257438 is divided by 979.
940
Calculate the remainder when 280555 is divided by 15.
10
What is the remainder when 3536 is divided by 685?
111
What is the remainder when 756970 is divided by 1217?
1213
Calculate the remainder when 9394 is divided by 518.
70
Calculate the remainder when 31347 is divided by 57.
54
Calculate the remainder when 19548 is divided by 2442.
12
Calculate the remainder when 1879 is divided by 1439.
440
Calculate the remainder when 109219 is divided by 254.
253
Calculate the remainder when 148337 is divided by 80.
17
Calculate the remainder when 3431 is divided by 448.
295
Calculate the remainder when 14627 is divided by 37.
12
What is the remainder when 437233 is divided by 347?
13
Calculate the remainder when 432 is divided by 6.
0
What is the remainder when 20424 is divided by 113?
84
Calculate the remainder when 51277 is divided by 15.
7
Calculate the remainder when 86135 is divided by 43067.
1
Calculate the remainder when 110367 is divided by 130.
127
Calculate the remainder when 3189 is divided by 408.
333
What is the remainder when 75809 is divided by 95?
94
What is the remainder when 54354 is divided by 799?
22
What is the remainder when 138000 is divided by 471?
468
Calculate the remainder when 3644 is divided by 3181.
463
Calculate the remainder when 44774 is divided by 17.
13
What is the remainder when 8593899 is divided by 70?
69
Calculate the remainder when 4970 is divided by 4968.
2
What is the remainder when 18727 is divided by 1048?
911
What is the remainder when 23046 is divided by 412?
386
What is the remainder when 2066822 is divided by 25?
22
Calculate the remainder when 33869 is divided by 73.
70
Calculate the remainder when 8429 is divided by 193.
130
What is the remainder when 164745 is divided by 41185?
5
What is the remainder when 58084 is divided by 201?
196
What is the remainder when 2643 is divided by 1492?
1151
Calculate the remainder when 185883 is divided by 1562.
5
What is the remainder when 246583 is divided by 123257?
69
Calculate the remainder when 584 is divided by 40.
24
What is the remainder when 461 is divided by 212?
37
Calculate the remainder when 4664 is divided by 62.
14
Calculate the remainder when 6296 is divided by 166.
154
What is the remainder when 77489 is divided by 246?
245
Calculate the remainder when 2391836 is divided by 18.
14
Calculate the remainder when 160547 is divided by 8.
3
What is the remainder when 5382 is divided by 215?
7
Calculate the remainder when 7942 is divided by 215.
202
What is the remainder when 73468 is divided by 56?
52
What is the remainder when 523004 is divided by 261494?
16
What is the remainder when 142885 is divided by 75?
10
Calculate the remainder when 147875 is divided by 4928.
35
Calculate the remainder when 22002 is divided by 14.
8
Calculate the remainder when 7673 is divided by 61.
48
What is the remainder when 64650 is divided by 63?
12
What is the remainder when 177270 is divided by 332?
314
What is the remainder when 29352 is divided by 4?
0
What is the remainder when 11028 is divided by 507?
381
Calculate the remainder when 3628 is divided by 13.
1
Calculate the remainder when 3205 is divided by 53.
25
What is the remainder when 2163 is divided by 362?
353
Calculate the remainder when 808030 is divided by 404012.
6
Calculate the remainder when 11141 is divided by 358.
43
Calculate the remainder when 129942 is divided by 4.
2
Calculate the remainder when 194447 is divided by 50.
47
Calculate the remainder when 3536 is divided by 1240.
1056
What is the remainder when 2813 is divided by 136?
93
What is the remainder when 45825 is divided by 22909?
7
Calculate the remainder when 19666 is divided by 4910.
26
Calculate the remainder when 844120 is divided by 375.
370
Calculate the remainder when 4218056 is divided by 70.
66
Calculate the remainder when 133834 is divided by 71.
70
Calculate the remainder when 5898 is divided by 17.
16
Calculate the remainder when 1989470 is divided by 209.
208
Calculate the remainder when 17369 is divided by 7.
2
Calculate the remainder when 4156 is divided by 431.
277
What is the remainder when 8420 is divided by 20?
0
Calculate the remainder when 111020 is divided by 9250.
20
What is the remainder when 399 is divided by 5?
4
Calculate the remainder when 535 is divided by 5.
0
Calculate the remainder when 23143 is divided by 7711.
10
What is the remainder when 91374 is divided by 25?
24
What is the remainder when 6261 is divided by 1249?
16
What is the remainder when 135 is divided by 42?
9
Calculate the remainder when 27008 is divided by 126.
44
What is the remainder when 88880 is divided by 44440?
0
Calculate the remainder when 365194 is divided by 14.
4
What is the remainder when 22451 is divided by 1870?
11
Calculate the remainder when 28182 is divided by 86.
60
What is the remainder when 20648 is divided by 396?
56
Calculate the remainder when 39092 is divided by 3005.
27
Calculate the remainder when 4034782 is divided by 416.
414
Calculate the remainder when 324 is divided by 41.
37
Calculate the remainder when 658015 is divided by 163.
147
What is the remainder when 403419 is divided by 230?
229
What is the remainder when 12883 is divided by 2897?
1295
Calculate the remainder when 11720 is divided by 32.
8
Calculate the remainder when 304133 is divided by 101372.
17
Calculate the remainder when 14581 is divided by 14571.